{"id":685,"date":"2025-06-16T14:13:56","date_gmt":"2025-06-16T12:13:56","guid":{"rendered":"https:\/\/cheo.it\/wpc\/?page_id=685"},"modified":"2026-04-21T08:20:39","modified_gmt":"2026-04-21T06:20:39","slug":"degustazione-di-vini-tipici-e-tour-di-vigneti-panoramici-alle-cinque-terre","status":"publish","type":"page","link":"https:\/\/cheo.it\/wpc\/degustazione-di-vini-tipici-e-tour-di-vigneti-panoramici-alle-cinque-terre\/","title":{"rendered":"Degustazione di vini tipici e tour di vigneti panoramici alle Cinque Terre"},"content":{"rendered":"\n<figure class=\"wp-block-image size-large\"><img loading=\"lazy\" decoding=\"async\" width=\"1024\" height=\"403\" src=\"https:\/\/cheo.it\/wpc\/wp-content\/uploads\/2020\/01\/bg-img-06-1024x403.jpg\" alt=\"Degustazione di vini tipici con prodotti locali delle Cinque Terre\" class=\"wp-image-286\" srcset=\"https:\/\/cheo.it\/wpc\/wp-content\/uploads\/2020\/01\/bg-img-06-1024x403.jpg 1024w, https:\/\/cheo.it\/wpc\/wp-content\/uploads\/2020\/01\/bg-img-06-300x118.jpg 300w, https:\/\/cheo.it\/wpc\/wp-content\/uploads\/2020\/01\/bg-img-06-768x302.jpg 768w, https:\/\/cheo.it\/wpc\/wp-content\/uploads\/2020\/01\/bg-img-06-1536x605.jpg 1536w, https:\/\/cheo.it\/wpc\/wp-content\/uploads\/2020\/01\/bg-img-06-850x335.jpg 850w, https:\/\/cheo.it\/wpc\/wp-content\/uploads\/2020\/01\/bg-img-06.jpg 1885w\" sizes=\"auto, (max-width: 1024px) 100vw, 1024px\" \/><\/figure>\n\n\n\n<h1 class=\"wp-block-heading has-text-align-center\">Degustazione di vini tipici con prodotti locali e tour di vigneti panoramici alle Cinque Terre<\/h1>\n\n\n\n<p class=\"has-text-align-center\">Se stai cercando un\u2019esperienza unica, la <strong>degustazione di vini tipici con prodotti locali e il tour di vigneti panoramici alle Cinque Terre<\/strong> \u00e8 ci\u00f2 che fa per te. Azienda Agricola CheO ti invita a scoprire i sapori autentici della nostra terra, tra panorami mozzafiato e vini pregiati che raccontano la tradizione di questa splendida regione.<br><\/p>\n\n\n\n<div class=\"wp-block-buttons is-content-justification-center is-layout-flex wp-container-core-buttons-is-layout-16018d1d wp-block-buttons-is-layout-flex\">\n<div class=\"wp-block-button\"><a class=\"wp-block-button__link has-text-align-center wp-element-button\" href=\"tel:3339594758\">Contattaci<\/a><\/div>\n<\/div>\n\n\n\n<figure class=\"wp-block-gallery has-nested-images columns-4 is-cropped wp-block-gallery-1 is-layout-flex wp-block-gallery-is-layout-flex\">\n<figure class=\"wp-block-image size-large\"><img loading=\"lazy\" decoding=\"async\" width=\"681\" height=\"1024\" data-id=\"565\" src=\"https:\/\/cheo.it\/wpc\/wp-content\/uploads\/2021\/04\/percio-681x1024.jpg\" alt=\"\" class=\"wp-image-565\" srcset=\"https:\/\/cheo.it\/wpc\/wp-content\/uploads\/2021\/04\/percio-681x1024.jpg 681w, https:\/\/cheo.it\/wpc\/wp-content\/uploads\/2021\/04\/percio-200x300.jpg 200w, https:\/\/cheo.it\/wpc\/wp-content\/uploads\/2021\/04\/percio-768x1155.jpg 768w, https:\/\/cheo.it\/wpc\/wp-content\/uploads\/2021\/04\/percio-1021x1536.jpg 1021w, https:\/\/cheo.it\/wpc\/wp-content\/uploads\/2021\/04\/percio-300x451.jpg 300w, https:\/\/cheo.it\/wpc\/wp-content\/uploads\/2021\/04\/percio-850x1278.jpg 850w, https:\/\/cheo.it\/wpc\/wp-content\/uploads\/2021\/04\/percio.jpg 1064w\" sizes=\"auto, (max-width: 681px) 100vw, 681px\" \/><\/figure>\n\n\n\n<figure class=\"wp-block-image size-large\"><img loading=\"lazy\" decoding=\"async\" width=\"681\" height=\"1024\" data-id=\"564\" src=\"https:\/\/cheo.it\/wpc\/wp-content\/uploads\/2021\/04\/cheo-bianco-681x1024.jpg\" alt=\"\" class=\"wp-image-564\" srcset=\"https:\/\/cheo.it\/wpc\/wp-content\/uploads\/2021\/04\/cheo-bianco-681x1024.jpg 681w, https:\/\/cheo.it\/wpc\/wp-content\/uploads\/2021\/04\/cheo-bianco-200x300.jpg 200w, https:\/\/cheo.it\/wpc\/wp-content\/uploads\/2021\/04\/cheo-bianco-768x1155.jpg 768w, https:\/\/cheo.it\/wpc\/wp-content\/uploads\/2021\/04\/cheo-bianco-1021x1536.jpg 1021w, https:\/\/cheo.it\/wpc\/wp-content\/uploads\/2021\/04\/cheo-bianco-300x451.jpg 300w, https:\/\/cheo.it\/wpc\/wp-content\/uploads\/2021\/04\/cheo-bianco-850x1278.jpg 850w, https:\/\/cheo.it\/wpc\/wp-content\/uploads\/2021\/04\/cheo-bianco.jpg 1064w\" sizes=\"auto, (max-width: 681px) 100vw, 681px\" \/><\/figure>\n\n\n\n<figure class=\"wp-block-image size-large\"><img loading=\"lazy\" decoding=\"async\" width=\"681\" height=\"1024\" data-id=\"563\" src=\"https:\/\/cheo.it\/wpc\/wp-content\/uploads\/2021\/04\/cheo-rosso-681x1024.jpg\" alt=\"\" class=\"wp-image-563\" srcset=\"https:\/\/cheo.it\/wpc\/wp-content\/uploads\/2021\/04\/cheo-rosso-681x1024.jpg 681w, https:\/\/cheo.it\/wpc\/wp-content\/uploads\/2021\/04\/cheo-rosso-200x300.jpg 200w, https:\/\/cheo.it\/wpc\/wp-content\/uploads\/2021\/04\/cheo-rosso-768x1155.jpg 768w, https:\/\/cheo.it\/wpc\/wp-content\/uploads\/2021\/04\/cheo-rosso-1021x1536.jpg 1021w, https:\/\/cheo.it\/wpc\/wp-content\/uploads\/2021\/04\/cheo-rosso-300x451.jpg 300w, https:\/\/cheo.it\/wpc\/wp-content\/uploads\/2021\/04\/cheo-rosso-850x1278.jpg 850w, https:\/\/cheo.it\/wpc\/wp-content\/uploads\/2021\/04\/cheo-rosso.jpg 1064w\" sizes=\"auto, (max-width: 681px) 100vw, 681px\" \/><\/figure>\n\n\n\n<figure class=\"wp-block-image size-large\"><img loading=\"lazy\" decoding=\"async\" width=\"681\" height=\"1024\" data-id=\"562\" src=\"https:\/\/cheo.it\/wpc\/wp-content\/uploads\/2021\/04\/mava-681x1024.jpg\" alt=\"\" class=\"wp-image-562\" srcset=\"https:\/\/cheo.it\/wpc\/wp-content\/uploads\/2021\/04\/mava-681x1024.jpg 681w, https:\/\/cheo.it\/wpc\/wp-content\/uploads\/2021\/04\/mava-200x300.jpg 200w, https:\/\/cheo.it\/wpc\/wp-content\/uploads\/2021\/04\/mava-768x1155.jpg 768w, https:\/\/cheo.it\/wpc\/wp-content\/uploads\/2021\/04\/mava-1021x1536.jpg 1021w, https:\/\/cheo.it\/wpc\/wp-content\/uploads\/2021\/04\/mava-300x451.jpg 300w, https:\/\/cheo.it\/wpc\/wp-content\/uploads\/2021\/04\/mava-850x1278.jpg 850w, https:\/\/cheo.it\/wpc\/wp-content\/uploads\/2021\/04\/mava.jpg 1064w\" sizes=\"auto, (max-width: 681px) 100vw, 681px\" \/><\/figure>\n<\/figure>\n\n\n\n<div style=\"height:55px\" aria-hidden=\"true\" class=\"wp-block-spacer\"><\/div>\n\n\n\n<h2 class=\"wp-block-heading has-text-align-center\"><strong>Degustazione di vini tipici con prodotti locali delle Cinque Terre<\/strong><\/h2>\n\n\n\n<p class=\"has-text-align-center\"><\/p>\n\n\n\n<div class=\"wp-block-columns is-layout-flex wp-container-core-columns-is-layout-9d6595d7 wp-block-columns-is-layout-flex\">\n<div class=\"wp-block-column is-layout-flow wp-block-column-is-layout-flow\">\n<p class=\"has-text-align-center\">Se sei un appassionato di vini e desideri un\u2019esperienza unica, la <strong>degustazione di vini tipici con prodotti locali delle Cinque Terre<\/strong> \u00e8 la scelta perfetta. Azienda Agricola CheO ti offre l\u2019opportunit\u00e0 di scoprire la tradizione vinicola di questa splendida regione, accompagnata da prelibatezze locali che esaltano i sapori autentici delle Cinque Terre.<\/p>\n\n\n\n<p class=\"has-text-align-center\">La <strong>degustazione di vini tipici con prodotti locali delle Cinque Terre<\/strong> presso la nostra cantina di Vernazza ti permette di assaporare una selezione di vini bianchi, rossi e passiti prodotti con metodi tradizionali. Durante la visita alle nostre cantine delle Cinque Terre, potrai conoscere la storia della produzione vinicola locale, esplorare i vigneti panoramici e gustare i nostri vini pregiati, abbinati a prodotti tipici come formaggi, salumi e focacce. La nostra esperienza di wine tasting ti regaler\u00e0 momenti indimenticabili in un ambiente familiare e accogliente. Prenota ora la tua visita e goditi una <strong>degustazione di vini tipici con prodotti locali delle Cinque Terre<\/strong>, un&#8217;opportunit\u00e0 unica per esplorare la cultura, la storia e i sapori di questa meravigliosa regione.<\/p>\n<\/div>\n\n\n\n<div class=\"wp-block-column is-vertically-aligned-center is-layout-flow wp-block-column-is-layout-flow\">\n<figure class=\"wp-block-image size-full\"><img loading=\"lazy\" decoding=\"async\" width=\"510\" height=\"510\" src=\"https:\/\/cheo.it\/wpc\/wp-content\/uploads\/2025\/06\/2022-10-09.webp\" alt=\"Degustazione di vini tipici con prodotti locali delle Cinque Terre\n\" class=\"wp-image-688\" srcset=\"https:\/\/cheo.it\/wpc\/wp-content\/uploads\/2025\/06\/2022-10-09.webp 510w, https:\/\/cheo.it\/wpc\/wp-content\/uploads\/2025\/06\/2022-10-09-300x300.webp 300w, https:\/\/cheo.it\/wpc\/wp-content\/uploads\/2025\/06\/2022-10-09-150x150.webp 150w\" sizes=\"auto, (max-width: 510px) 100vw, 510px\" \/><\/figure>\n<\/div>\n<\/div>\n\n\n\n<div style=\"height:24px\" aria-hidden=\"true\" class=\"wp-block-spacer\"><\/div>\n\n\n\n<hr class=\"wp-block-separator aligncenter has-alpha-channel-opacity is-style-default\"\/>\n\n\n\n<div style=\"height:24px\" aria-hidden=\"true\" class=\"wp-block-spacer\"><\/div>\n\n\n\n<h2 class=\"wp-block-heading has-text-align-center\"><strong>Tour di vigneti panoramici alle Cinque Terre<\/strong><\/h2>\n\n\n\n<div class=\"wp-block-columns is-layout-flex wp-container-core-columns-is-layout-9d6595d7 wp-block-columns-is-layout-flex\">\n<div class=\"wp-block-column is-vertically-aligned-center is-layout-flow wp-block-column-is-layout-flow\"><div class=\"wp-block-image\">\n<figure class=\"aligncenter size-full is-resized\"><img loading=\"lazy\" decoding=\"async\" width=\"200\" height=\"300\" src=\"https:\/\/cheo.it\/wpc\/wp-content\/uploads\/2020\/01\/FOTO-SIDE-vigne-01.png\" alt=\"Tour di vigneti panoramici alle Cinque Terre\n\" class=\"wp-image-109\" style=\"width:326px;height:auto\"\/><\/figure>\n<\/div><\/div>\n\n\n\n<div class=\"wp-block-column is-layout-flow wp-block-column-is-layout-flow\">\n<p class=\"has-text-align-center\">Immagina di passeggiare tra i vigneti panoramici, circondato da paesaggi mozzafiato e vigneti che si affacciano sul mare. Azienda Agricola CheO ti invita a vivere un <strong>tour di vigneti panoramici alle Cinque Terre<\/strong>, un\u2019occasione unica per scoprire la tradizione vinicola di questa zona cos\u00ec affascinante.<\/p>\n\n\n\n<p class=\"has-text-align-center\">Durante il <strong>tour di vigneti panoramici alle Cinque Terre<\/strong>, avrai la possibilit\u00e0 di esplorare i nostri vigneti immersi nel verde, respirare l\u2019aria fresca della campagna e scoprire come nascono i nostri vini tipici. La visita ti guider\u00e0 alla scoperta delle tecniche di coltivazione e delle variet\u00e0 di uve che rendono i nostri vini cos\u00ec speciali. Il tour si concluder\u00e0 con una degustazione di vini abbinata a prodotti tipici locali, per un\u2019esperienza completa di sapori e tradizioni.<\/p>\n\n\n\n<p class=\"has-text-align-center\">Prenota il tuo <strong>tour di vigneti panoramici alle Cinque Terre<\/strong> e vivi un&#8217;esperienza indimenticabile, dove natura, cultura e buon vino si fondono per offrirti il meglio della nostra terra.<\/p>\n<\/div>\n<\/div>\n\n\n\n<p class=\"has-text-align-center has-large-font-size\">Contatti &amp; Info<\/p>\n\n\n\n<div class=\"wp-block-columns is-layout-flex wp-container-core-columns-is-layout-9d6595d7 wp-block-columns-is-layout-flex\">\n<div class=\"wp-block-column is-layout-flow wp-block-column-is-layout-flow\">\n<p class=\"has-text-align-center\">Indirizzo: Via Brigate Partigiane, 1, 19018 Vernazza SP<br>Tel: 3339594758<br>Orari: da aprile fino ad ottobre dalle 12:00 alle 19:00<br>Mercoled\u00ec chiuso<br><\/p>\n<\/div>\n\n\n\n<div class=\"wp-block-column is-layout-flow wp-block-column-is-layout-flow\">\n<iframe loading=\"lazy\" src=\"https:\/\/www.facebook.com\/plugins\/page.php?href=https%3A%2F%2Fm.facebook.com%2FCheo-vini-154807521223903%2F&#038;tabs=timeline&#038;width=340&#038;height=331&#038;small_header=false&#038;adapt_container_width=true&#038;hide_cover=false&#038;show_facepile=true&#038;appId\" width=\"340\" height=\"331\" style=\"border:none;overflow:hidden\" scrolling=\"no\" frameborder=\"0\" allowfullscreen=\"true\" allow=\"autoplay; clipboard-write; encrypted-media; picture-in-picture; web-share\"><\/iframe>\n<\/div>\n\n\n\n<div class=\"wp-block-column is-layout-flow wp-block-column-is-layout-flow\">\n<iframe src=\"https:\/\/www.google.com\/maps\/embed?pb=!1m18!1m12!1m3!1d2863.445324416861!2d9.684638299999998!3d44.136061899999994!2m3!1f0!2f0!3f0!3m2!1i1024!2i768!4f13.1!3m3!1m2!1s0x12d4f0294510d977%3A0xaec7dcf939cb325!2sCantina%20Cheo!5e0!3m2!1sit!2sit!4v1750076589164!5m2!1sit!2sit\" width=\"100%\" height=\"450\" style=\"border:0;\" allowfullscreen=\"\" loading=\"lazy\" referrerpolicy=\"no-referrer-when-downgrade\"><\/iframe>\n<\/div>\n<\/div>\n","protected":false},"excerpt":{"rendered":"<p>Degustazione di vini tipici con prodotti locali e tour di vigneti panoramici alle Cinque Terre Se stai cercando un\u2019esperienza unica, la degustazione di vini tipici con prodotti locali e il tour di vigneti panoramici alle Cinque Terre \u00e8 ci\u00f2 che fa per te. Azienda Agricola CheO ti invita a scoprire i sapori autentici della nostra&#8230;<\/p>\n","protected":false},"author":2,"featured_media":0,"parent":0,"menu_order":0,"comment_status":"closed","ping_status":"closed","template":"","meta":{"footnotes":""},"class_list":["post-685","page","type-page","status-publish","hentry"],"aioseo_notices":[],"_links":{"self":[{"href":"https:\/\/cheo.it\/wpc\/wp-json\/wp\/v2\/pages\/685","targetHints":{"allow":["GET"]}}],"collection":[{"href":"https:\/\/cheo.it\/wpc\/wp-json\/wp\/v2\/pages"}],"about":[{"href":"https:\/\/cheo.it\/wpc\/wp-json\/wp\/v2\/types\/page"}],"author":[{"embeddable":true,"href":"https:\/\/cheo.it\/wpc\/wp-json\/wp\/v2\/users\/2"}],"replies":[{"embeddable":true,"href":"https:\/\/cheo.it\/wpc\/wp-json\/wp\/v2\/comments?post=685"}],"version-history":[{"count":7,"href":"https:\/\/cheo.it\/wpc\/wp-json\/wp\/v2\/pages\/685\/revisions"}],"predecessor-version":[{"id":715,"href":"https:\/\/cheo.it\/wpc\/wp-json\/wp\/v2\/pages\/685\/revisions\/715"}],"wp:attachment":[{"href":"https:\/\/cheo.it\/wpc\/wp-json\/wp\/v2\/media?parent=685"}],"curies":[{"name":"wp","href":"https:\/\/api.w.org\/{rel}","templated":true}]}}